5
In base 6, what is -104531 - -231?
-104300
In base 12, what is 20b2b6 - -1?
20b2b7
In base 6, what is -5 + 2042202?
2042153
In base 7, what is -503 - -4426?
3623
In base 10, what is -2453 + -762?
-3215
In base 7, what is 0 + 2331455?
2331455
In base 2, what is -11001 - -10110111011?
10110100010
In base 6, what is -3 - 10333?
-10340
In base 5, what is 4 + 10443214?
10443223
In base 3, what is 100202 - -2110212?
2211121
In base 9, what is 3 + 47703?
47706
In base 2, what is 10000100001111 - -10010?
10000100100001
In base 15, what is 7 + 7119b?
711a3
In base 8, what is -4 - 13731?
-13735
In base 2, what is 1011011 + 1100000110?
1101100001
In base 10, what is 20 - -4765?
4785
In base 2, what is -10001001100111 + -11010?
-10001010000001
In base 9, what is 1234 + 4?
1238
In base 11, what is -54 - 480?
-524
In base 4, what is 1230201 + 3?
1230210
In base 2, what is -101 - 10110011101000?
-10110011101101
In base 8, what is -1 + -32710?
-32711
In base 8, what is -11323 - 17?
-11342
In base 3, what is -21202 - 10000?
-101202
In base 2, what is -101 + -1100011001111110?
-1100011010000011
In base 12, what is 22 - 1ba?
-198
In base 8, what is -26 + -241320?
-241346
In base 4, what is -113032 - -232?
-112200
In base 14, what is -77b3 - 13?
-77c6
In base 4, what is -3 + 11030100?
11030031
In base 2, what is 111010011 - -10101110?
1010000001
In base 4, what is 120 - -1232?
2012
In base 4, what is 1321120 + 1131?
1322311
In base 6, what is 1250 + 211?
1501
In base 12, what is -23585b + 1?
-23585a
In base 2, what is -100011101101000 + -1011111?
-100011111000111
In base 16, what is -1d085 - -3?
-1d082
In base 10, what is 5 - 643220?
-643215
In base 15, what is -139b - -33?
-1368
In base 12, what is -b + 138b5?
138a6
In base 8, what is 25610 + 565?
26375
In base 12, what is 5 - 25609?
-25604
In base 7, what is -4332 - 35?
-4400
In base 10, what is 690605 + 2?
690607
In base 8, what is -5307062 - -3?
-5307057
In base 7, what is -514 + 506?
-5
In base 14, what is -1a4 + 6a9?
505
In base 10, what is -3 + 1618070?
1618067
In base 8, what is 3022 + -130?
2672
In base 2, what is 1010 + -1001111101110?
-1001111100100
In base 16, what is 29f3e - -4?
29f42
In base 7, what is 332 - -10315?
10650
In base 13, what is -5 - 4a81a?
-4a822
In base 12, what is -2 + 2232b?
22329
In base 2, what is 1111010000 + 11100000?
10010110000
In base 16, what is -1f6 - 92?
-288
In base 13, what is -9 + 24c76?
24c6a
In base 16, what is 9 + -d2f?
-d26
In base 15, what is -5 + -412b7?
-412bc
In base 8, what is -45156 + 1?
-45155
In base 9, what is 2 - -11114?
11116
In base 9, what is -171126 + 6?
-171120
In base 5, what is 143 - 40?
103
In base 11, what is 0 - 1289a?
-1289a
In base 12, what is 13 - 90b?
-8b8
In base 14, what is 100 + b00?
c00
In base 2, what is -100 + -1101111101000?
-1101111101100
In base 8, what is 205051 + -4?
205045
In base 13, what is -20bc - -a?
-20b2
In base 2, what is -10011 + -10111000101000?
-10111000111011
In base 11, what is -6008 - 2?
-600a
In base 15, what is -3e + 13bd?
137e
In base 3, what is -222222001110 + -12?
-222222001122
In base 7, what is 31 + 130546?
130610
In base 13, what is -c5 - -143?
4b
In base 13, what is -c34 + 64?
-ba0
In base 14, what is a + -11a2c?
-11a22
In base 15, what is 10198 + 3?
1019b
In base 3, what is 21 + -10210020122?
-10210020101
In base 9, what is -631430 - 2?
-631432
In base 15, what is -301 - 110b?
-140c
In base 15, what is 133d + -2b2?
107b
In base 11, what is -3554 + 146?
-3409
In base 9, what is -202 + 1584?
1382
In base 7, what is 126 + 111361?
111520
In base 14, what is -113d2 + -2?
-113d4
In base 6, what is -42 - -3015?
2533
In base 16, what is -1a - 2a89?
-2aa3
In base 6, what is -3 + 332420?
332413
In base 5, what is 42 + -20221?
-20124
In base 6, what is -524 - -130?
-354
In base 12, what is -2 + -53b2?
-53b4
In base 3, what is -11012 - 21000?
-102012
In base 3, what is 2010 + -1000022?
-221012
In base 12, what is 7 + 4352?
4359
In base 16, what is -521de - -3?
-521db
In base 4, what is 1332311100 + 1?
1332311101
In base 16, what is 5 - 1e79f?
-1e79a
In base 15, what is 3 + -1d4c6b?
-1d4c68
In base 3, what is -200 + 210221121?
210220221
In base 3, what is 2012212000 + -1112?
2012210111
In base 5, what is 22003432 - -14?
22004001
In base 7, what is -1262250 - 2?
-1262252
In base 3, what is -1210212220020 + 11?
-1210212220002
In base 8, what is -3610106 + -1?
-3610107
In base 7, what is 2534416 - -2?
2534421
In base 4, what is -3 + 2300022?
2300013
In base 12, what is 1a36 - -95?
1b0b
In base 16, what is 1f1f + -46?
1ed9
In base 10, what is -50 + 97?
47
In base 3, what is 12 - -1100100?
1100112
In base 8, what is -27 - 15473?
-15522
In base 10, what is -4 - 38864?
-38868
In base 8, what is 45755 - -4?
45761
In base 3, what is -1 - 12122211111?
-12122211112
In base 15, what is 128 - -1a?
143
In base 7, what is -54461 + 1431?
-53030
In base 3, what is -11011101 - 1221?
-11020022
In base 13, what is -5cc77 + 0?
-5cc77
In base 11, what is -786 + 185?
-601
In base 6, what is -533 + -40452?
-41425
In base 2, what is -111 + 10010001111100?
10010001110101
In base 5, what is -222 + 2442?
2220
In base 2, what is -100010100 - 10000001?
-110010101
In base 16, what is -3 - d05e?
-d061
In base 7, what is -135415 + -2?
-135420
In base 12, what is 3 - -195866?
195869
In base 3, what is -2 + 212100202201?
212100202122
In base 9, what is -7 - 1001212?
-1001220
In base 12, what is 22 - -486a?
4890
In base 3, what is -11020121 + -101121?
-11122012
In base 14, what is -5982 - ca?
-5a6c
In base 8, what is 1614 - -261?
2075
In base 16, what is -53960 + 6?
-5395a
In base 2, what is -100000010001 + 11?
-100000001110
In base 2, what is -1000011 + 10000011110101?
10000010110010
In base 15, what is 1 - 5b59?
-5b58
In base 7, what is -13141 + -1?
-13142
In base 13, what is 9c3 - a?
9b6
In base 6, what is -215122 + -10?
-215132
In base 15, what is 1 + 6623?
6624
In base 13, what is -4 + 25526?
25522
In base 4, what is -1213 - 130313?
-132132
In base 14, what is -b + 1b4c?
1b41
In base 15, what is 4ac - -188?
645
In base 16, what is 5 + -3c39?
-3c34
In base 5, what is 3 + -112123?
-112120
In base 4, what is 1 - 2033000?
-2032333
In base 5, what is 2 + -12223441?
-12223434
In base 6, what is -44 + -13221?
-13305
In base 3, what is -111100021112 + -2?
-111100021121
In base 5, what is -400 + -220042?
-220442
In base 16, what is 15745 - 14?
15731
In base 7, what is 4 + -1464664?
-1464660
In base 6, what is 55134 + -324?
54410
In base 11, what is 169a8 + 3?
16a00
In base 11, what is -370 + 73a?
37a
In base 11, what is 1 - -610?
611
In base 15, what is 5 - 3bc0b?
-3bc06
In base 3, what is -110 - 221200112?
-221200222
In base 15, what is -1a413a - -3?
-1a4137
In base 11, what is 7336 + -8?
7329
In base 2, what is 100010 + -10101000010?
-10100100000
In base 10, what is -26954 + 1?
-26953
In base 7, what is -240050 + -6?
-240056
In base 11, what is 151 - -90?
231
In base 8, what is 4520 + -15?
4503
In base 8, what is 1024147 - 5?
1024142
In base 7, what is -200210 + -1?
-200211
In base 13, what is -5 - 2ca184?
-2ca189
In base 11, what is -4286 + -26?
-4301
In base 15, what is 264 + -333?
-be
In base 14, what is 34 - -2b2?
306
In base 8, what is 6 + 17704?
17712
In base 5, what is -1240223 - 202?
-1240430
In base 6, what is -304503 - -3?
-304500
In base 8, what is 207023 + -1?
207022
In base 2, what is 11100 + -1111001001001100?
-1111001000110000
In base 7, what is -1404624 - 0?
-1404624
In base 10, what is 874 + 136?
1010
In base 14, what is 4211 - 4?
420b
In base 5, what is 22113222 - -10?
22113232
In base 8, what is -4 + -3353?
-3357
In base 15, what is -4 - -e971?
e96c
In base 12, what is 10942 + -3?
1093b
In base 13, what is -19 + 3bc70?
3bc54
In base 4, what is 21 - -20032132?
20032213
In base 4, what is 1012 - 2111102?
-2110030
In base 12, what is -660b2 - -47?
-66067
In base 2, what is -10011100 + -100111001100?
-101001101000
In base 14, what is -6cb6 - -1?
-6cb5
In base 5, what is 3004141 + -4?
3004132
In base 11, what is -112 + 273?
161
In base 10, what is 5 + 412432?
412437
In base 16, what is 4 - -f6b?
f6f
In base 11, what is 3327 + 3?
332a
In base 13, what is -30881 - -7?
-30877
In base 2, what is 1001 - -1010011010000?
1010011011001
In base 1